h + 28. What is the remainder when m is divided by 25?
24
Let w = 18244 - 18161. Calculate the remainder when 418 is divided by w.
3
Suppose 0 = -12*n + 9*n + 9. Suppose 86 = 29*h - 27*h. What is the remainder when 2/(n - (-2 - (-213)/h)) is divided by 11?
10
Suppose 0*p - 7*p + 112 = 0. Let r = 107 + p. Let c(m) = m**3 + 18*m**2 - 43*m - 42. Calculate the remainder when r is divided by c(-20).
15
Let m(f) = 45*f + 54. Let w(l) = -44*l - 55. Let n(h) = 2*m(h) + 3*w(h). What is the remainder when n(-4) is divided by 23?
19
Suppose 9 = 3*x, 2719*m - 170 = 2715*m - 22*x. Let o(b) = -2*b**3 - 4*b**2 - 3. Calculate the remainder when m is divided by o(-3).
11
Calculate the remainder when (8/18)/(4*53/207972) is divided by 50.
36
Let o = -4793 - -5137. Calculate the remainder when 836 is divided by o.
148
Calculate the remainder when 1922 is divided by (5 + -2 - -61) + 2/(-8)*-20.
59
Let o(x) be the second derivative of -x**5/20 + 2*x**4/3 - 2*x**3 + 7*x**2/2 - 128*x. Suppose 2*t - 320 = -3*t. What is the remainder when t is divided by o(5)?
20
Suppose 447 = -4*l + 5*w, -5*l + 15 - 567 = -4*w. Suppose -53 = 5*x + 297. Let d = x - l. Calculate the remainder when d is divided by 14.
10
Let a(t) = -4*t**2 + 111*t + 31. Let r be a(28). Let d(m) = 6*m**3 - 9*m**2 + 19*m - 6. Calculate the remainder when d(r) is divided by 35.
27
Let q(i) = -2*i**3 - 43*i**2 - 19*i + 51. Let m(k) = 40*k - 115. Calculate the remainder when m(17) is divided by q(-21).
7
Let w = 86 - -60. Let z = 781 + -731. Calculate the remainder when w is divided by z.
46
Let a(i) = i**3 - 6*i**2 + 12*i - 17. Let v be 3*-2 + 117/(-27)*-3. What is the remainder when a(v) is divided by 50?
16
Let h(t) = -t + 35. Calculate the remainder when 512 is divided by h(10).
12
Suppose -3*b + 2*b - 3*s - 10 = 0, 3*s + 22 = 5*b. Suppose 0 = -d - 2*k + 89, -d - 2*k = -b*d + 77. What is the remainder when d is divided by 6?
5
Let v = -854 - -904. What is the remainder when (258/24 - 2)/(2/32) is divided by v?
40
Suppose -13*c + 8*c + 40 = -5*n, 3*c + 2*n - 14 = 0. Let w = -4 - -30. What is the remainder when w is divided by c?
2
Let f(u) = -3*u**2 + 326*u - 860. What is the remainder when f(89) is divided by 61?
60
Let g = 30800 - 29602. Calculate the remainder when g is divided by 22.
10
Let x = -49 + 84. Let f(g) = 11*g + 4 + 20*g**2 - 44*g**2 + 23*g**2 - 27*g + 1. What is the remainder when f(-8) is divided by x?
34
Suppose 12*x = -38*x + 13486 - 2486. Let r = -16 - -29. Calculate the remainder when x is divided by r.
12
Suppose 0*r + 592 = 16*r. Suppose 0 = -6*j + j + 80. Calculate the remainder when r is divided by j.
5
Let r = -3485 - -3694. What is the remainder when 5431 is divided by r?
206
Suppose 0 = -13*r + 2*r + 110. Let h = 375 - 222. What is the remainder when h is divided by ((-12)/r)/(-4*(-1)/(-130))?
36
Suppose 10 = -16*t + 18*t. Suppose 16 = 4*d + a, t*d = 5*a + 17 - 22. Calculate the remainder when (26/(-3))/(1/(-3)) is divided by d.
2
Suppose -4*v + 5*v - 24*v = -6187. Calculate the remainder when v is divided by 24.
5
Let j = 7314 + -7195. What is the remainder when j is divided by (-4)/4 + 1 + 25?
19
Suppose -13*u - 3756 = -9970. Suppose u - 2109 = -7*j. Calculate the remainder when j is divided by 60.
53
Suppose -2*r - 9 = 3*a, a + 6 = -r - 0. Suppose 4080 = 82*d - 42*d. What is the remainder when d is divided by 54/10*(-4 - r)?
21
Suppose 2*n - 153*k - 1446 = -148*k, -2*n - 2*k = -1418. Calculate the remainder when n is divided by 5.
3
What is the remainder when (3905/33 + 1)/(145/45 + -3) is divided by 4?
1
Suppose -134*u = 10*u - 417312. What is the remainder when u is divided by 223?
222
Let j(g) = 5*g**2 + 23*g - 9. Let u be j(-5). Let m(c) = 66*c - 5. Calculate the remainder when 426 is divided by m(u).
60
Let u = -87 + 109. Suppose 3*s + 93 = 5*w, -5*w + 4*w + u = -4*s. Calculate the remainder when 68 is divided by w.
14
Suppose -4 + 28 = 6*w. Suppose 0 = b - 3*l - 157, 5*b - w*l + 573 = 1380. What is the remainder when b is divided by 41?
40
Let i = -31 - -139. Let n be (-4)/12 + 25/3. Calculate the remainder when (4 + 0)*i/n is divided by 7.
5
Suppose 16*x = -x + 221. Suppose 2 = -3*i - 106. Let f = 86 + i. Calculate the remainder when f is divided by x.
11
Suppose 0 = -46*q + 41*q. Suppose 2*i = -3*p + 6, -4*i + q*i = -3*p + 6. Calculate the remainder when (i + -83)/(3 + 2 + -6) is divided by 17.
15
Let q = 261 + -623. Let v = 385 + q. What is the remainder when 113 is divided by v?
21
Let x(o) = 9*o - 11. Let i be x(-8). Let y be -72*(1 + (2 - 2)). Let d = y - i. What is the remainder when 32 is divided by d?
10
Let b(w) = 8*w**2 - 92*w + 51. Calculate the remainder when b(12) is divided by 38.
23
Let a(f) = f**3 + 11*f**2 - 4*f + 24. Let l be a(-11). Suppose 3*p - 3*m - 36 = 0, m = 6*p - p - l. What is the remainder when 41 is divided by p?
13
Let g(v) = v**2 - 39*v - 98. Let y be g(37). What is the remainder when -3*(-6)/(-54) - y/3 is divided by 15?
12
Let b = 42 + 53. Suppose -24*i + 5*v = -22*i - 48, 5*i - 120 = -5*v. Calculate the remainder when b is divided by i.
23
Suppose 3*x - 20 = -0*k + 2*k, -5*x = 2*k - 28. Let q(l) = -5*l + 138. Let w be 90/(-60) - (-114)/4. What is the remainder when x is divided by q(w)?
0
Let l = 66 - 16. Let p(v) = v**2. Let k(h) = -4*h**2 + 4*h - 1. Let m(d) = k(d) + 3*p(d). Calculate the remainder when l is divided by m(2).
2
Let v(a) = 13*a + 1. Suppose f - 3*f = -10. Let m(n) = -n**3 - 22*n**2 - 87*n - 11. What is the remainder when v(f) is divided by m(-17)?
20
Suppose 5*k + k + 474 = 0. Suppose -306 = -3*y - 0*p - 2*p, -2*p - 110 = -y. Let i = y + k. What is the remainder when i is divided by 15?
10
Suppose -383*f = -388*f, -2*f + 145 = r. Calculate the remainder when 355 is divided by r.
65
Let r = 17 - 23. Let n be 1 - -47 - (-6 - r). Suppose 4*i = -4*v + n, i = 2*v + v + 28. What is the remainder when 60 is divided by i?
12
Suppose -5*k + 2267 - 22 = -c, 0 = -3*k + 4*c + 1330. Suppose 0 = 34*r - 4*r - k. Calculate the remainder when r is divided by 6.
3
Let x = -11 - -22. Suppose 0 = 6*d - x*d. What is the remainder when 41 is divided by ((-15 - 0)/(-1))/(1 - d)?
11
Suppose 4*b - 926 = 4*q + 94, -490 = -2*b - 3*q. Calculate the remainder when b is divided by 94.
63
Suppose 116*b - 1172 = -168 + 736. Suppose -5*q + 368 + 159 = -3*a, 4*q = -2*a + 404. What is the remainder when q is divided by b?
13
Let p = 442 - 657. Let s = -207 - p. Calculate the remainder when s is divided by 5.
3
Let g be -5*(2/(-2))/((-4)/(-4)). Suppose -g*j + 5*v = -700, 4*v = j - 0*v - 125. Calculate the remainder when j is divided by 37.
34
Let s be ((-11)/5 + 1)/(34/(-85)). What is the remainder when (-1)/s + (4 - (-402)/18) is divided by 3?
2
Suppose -4*h - y - 296 = -858, 2*h - 248 = -6*y. Calculate the remainder when 507 is divided by h.
81
Suppose -913 = 30*w - 19*w - 22*w. What is the remainder when w is divided by 49?
34
Let o be -2 + 651 + -5 - (-6)/2. Suppose -o + 39 = -4*m. Calculate the remainder when m is divided by 26.
22
Let v = 40 - 40. Suppose 0 = -v*k + 6*k - 36. What is the remainder when (k/(-3) - -5)*(-71)/(-3) is divided by 25?
21
Let k = -609 + 1068. Suppose 7*h - 137 = 6*u - 7*u, -4*u - 103 = -3*h. Calculate the remainder when k is divided by h.
18
Let f(n) = 46*n**2 + n - 3. Calculate the remainder when 613 is divided by f(1).
41
Let f(l) = 15*l - 1290. What is the remainder when 893 is divided by f(88)?
23
Suppose 4488 = 9*n - 5*n. Suppose 23*q - n = -179. What is the remainder when q is divided by 7?
6
Let y(j) = -j**3 + 17*j**2 + 27*j - 135. Calculate the remainder when (0 - -1 - 0)*79 is divided by y(18).
25
Let k(l) be the second derivative of l**5/10 - l**4/4 + l**3/2 - 19*l**2/2 - 42*l. What is the remainder when 168 is divided by k(3)?
15
Let w(s) = -s**3 - 5*s**2 - 10*s - 11. Let u be w(-7). Suppose -u + 10 = -7*t. Let h = 147 + -109. Calculate the remainder when h is divided by t.
17
Suppose 2*s + 2*l = 250, -l + 127 = s - 2*l. Suppose -s = -r + 51. Let u = r + -122. What is the remainder when u is divided by 19?
17
Let r(j) = 3*j - 2. Let i(m) = 21*m + 109. Let p be i(-5). Suppose 0 = p*u, -4*a = u - 3*u - 148. Calculate the remainder when a is divided by r(4).
7
Let q(t) = 3*t**3 - 19*t**2 + 5*t - 30. Let w be (